{"id":10467,"date":"2020-08-13T13:01:48","date_gmt":"2020-08-13T13:01:48","guid":{"rendered":"https:\/\/vorschau-store.relita.com\/index.php\/product\/import-placeholder-for-6931\/"},"modified":"2021-09-16T17:47:12","modified_gmt":"2021-09-16T17:47:12","slug":"futonbett-sandro-90-x-200-cm-liegeflaeche-mit-polsterkopfteil-inkl-lattenrost-und-matratze-ausfuehrung-weiss","status":"publish","type":"product","link":"https:\/\/produkte.relita.com\/index.php\/product\/futonbett-sandro-90-x-200-cm-liegeflaeche-mit-polsterkopfteil-inkl-lattenrost-und-matratze-ausfuehrung-weiss\/","title":{"rendered":"Futonbett SANDRO 90 x 200 cm Liegefl\u00e4che mit Polsterkopfteil inkl. Lattenrost und Matratze Ausf\u00fchrung Wei\u00df"},"content":{"rendered":"","protected":false},"excerpt":{"rendered":"<p>Wei\u00df<\/p>\n","protected":false},"featured_media":3963,"template":"","meta":[],"product_cat":[708],"product_tag":[],"_links":{"self":[{"href":"https:\/\/produkte.relita.com\/index.php\/wp-json\/wp\/v2\/product\/10467"}],"collection":[{"href":"https:\/\/produkte.relita.com\/index.php\/wp-json\/wp\/v2\/product"}],"about":[{"href":"https:\/\/produkte.relita.com\/index.php\/wp-json\/wp\/v2\/types\/product"}],"wp:featuredmedia":[{"embeddable":true,"href":"https:\/\/produkte.relita.com\/index.php\/wp-json\/wp\/v2\/media\/3963"}],"wp:attachment":[{"href":"https:\/\/produkte.relita.com\/index.php\/wp-json\/wp\/v2\/media?parent=10467"}],"wp:term":[{"taxonomy":"product_cat","embeddable":true,"href":"https:\/\/produkte.relita.com\/index.php\/wp-json\/wp\/v2\/product_cat?post=10467"},{"taxonomy":"product_tag","embeddable":true,"href":"https:\/\/produkte.relita.com\/index.php\/wp-json\/wp\/v2\/product_tag?post=10467"}],"curies":[{"name":"wp","href":"https:\/\/api.w.org\/{rel}","templated":true}]}}