{"id":9880,"date":"2020-08-13T13:00:30","date_gmt":"2020-08-13T13:00:30","guid":{"rendered":"https:\/\/vorschau-store.relita.com\/index.php\/product\/import-placeholder-for-6344\/"},"modified":"2021-09-16T17:53:40","modified_gmt":"2021-09-16T17:53:40","slug":"tunnel-gross-mit-led-beleuchtung-in-design-dschungel-halterung-weiss","status":"publish","type":"product","link":"https:\/\/produkte.relita.com\/index.php\/product\/tunnel-gross-mit-led-beleuchtung-in-design-dschungel-halterung-weiss\/","title":{"rendered":"Tunnel gro\u00df mit LED Beleuchtung in Design Dschungel Halterung wei\u00df"},"content":{"rendered":"","protected":false},"excerpt":{"rendered":"<p>Tunnel gro\u00df mit LED Beleuchtung in Design Dschungel Halterung wei\u00df<\/p>\n","protected":false},"featured_media":3004,"template":"","meta":[],"product_cat":[691],"product_tag":[],"_links":{"self":[{"href":"https:\/\/produkte.relita.com\/index.php\/wp-json\/wp\/v2\/product\/9880"}],"collection":[{"href":"https:\/\/produkte.relita.com\/index.php\/wp-json\/wp\/v2\/product"}],"about":[{"href":"https:\/\/produkte.relita.com\/index.php\/wp-json\/wp\/v2\/types\/product"}],"wp:featuredmedia":[{"embeddable":true,"href":"https:\/\/produkte.relita.com\/index.php\/wp-json\/wp\/v2\/media\/3004"}],"wp:attachment":[{"href":"https:\/\/produkte.relita.com\/index.php\/wp-json\/wp\/v2\/media?parent=9880"}],"wp:term":[{"taxonomy":"product_cat","embeddable":true,"href":"https:\/\/produkte.relita.com\/index.php\/wp-json\/wp\/v2\/product_cat?post=9880"},{"taxonomy":"product_tag","embeddable":true,"href":"https:\/\/produkte.relita.com\/index.php\/wp-json\/wp\/v2\/product_tag?post=9880"}],"curies":[{"name":"wp","href":"https:\/\/api.w.org\/{rel}","templated":true}]}}